ppose -2*i + 1 + 1 = w. What is the units digit of i?
1
Let p be ((-11)/2 - -7)*50/3. Suppose 0 = p*c - 20*c - 420. What is the tens digit of c?
8
Let x(n) = 5*n**2 - n - 17. Let p = -31 + 26. What is the tens digit of x(p)?
1
Suppose g - 17646 = -16*g. What is the thousands digit of g?
1
Let t = 338 - 167. What is the units digit of t?
1
Let x(m) = 7*m**2 + m + 6. Let h be x(-5). Suppose 2*k = -2*k + h. What is the units digit of k?
4
Let p(j) = j**3 + 5*j**2 + 2*j + 7. Let q = 15 + -20. Let a be p(q). What is the units digit of (2 - 0) + 46 + a?
5
Let c = -444 - -89. Let r = c + 597. What is the units digit of r?
2
Let p be (12/9)/((-10)/(-6))*5. Suppose 53 = -3*w + p*w. What is the tens digit of w?
5
Let f = -34 + 49. Suppose 18*k - f*k - 423 = 0. What is the units digit of k?
1
Suppose 13*j = 17*j - 4. Let b be (-19 - 0) + -3 + j. What is the units digit of (-780)/b - (-3)/(-21)?
7
Let k(b) = -3*b**3 + 3*b**2 - 4*b + 2. Let q be k(2). Let o = q + 32. What is the tens digit of o?
1
Suppose -3*o = -8*o + 3*j + 31, -4*o - 2*j + 16 = 0. Suppose o*u - 6 = -4*d, 3*d - 2*u = -4 + 20. Suppose d*z - 14 = 3*z. What is the tens digit of z?
1
Let i(u) = u**2 - 1. Let f(q) = 9*q**2 - 6. Let z(l) = -f(l) + 2*i(l). Let n be z(2). What is the tens digit of 622/10 + n/(-30)?
6
Let j(f) = -2*f - 3. Let v be j(-8). Let a = v - 23. Let m(c) = -2*c + 6. What is the tens digit of m(a)?
2
Let y(r) be the third derivative of r**5/60 + r**4/8 - r**3 - 6*r**2. Let t be y(-5). Suppose t*c - c = 21. What is the units digit of c?
7
Suppose -x = -3*p - 20, 0*x + 4*x + 4*p = 0. Suppose -2*n + 7*s - 2*s = -60, -100 = -3*n + x*s. What is the tens digit of n?
4
Suppose 1459 = 5*f + 609. What is the units digit of f?
0
Let d be 0/(-2) + (-8)/2. Let x be ((-5)/(-10))/((-2)/d). Suppose -49 + x = -2*g. What is the units digit of g?
4
Let y(x) = -x**2 - x - 1. Let g(j) = -j**3 + 4*j**2 - j - 9. Let o(f) = -g(f) + 5*y(f). What is the tens digit of o(10)?
6
Suppose 0 = 5*j - 2*g + 801, 82 = 4*j - 2*g + 724. Let s = j - -293. Suppose -248 = -4*d + 3*x, -d + s = d - 4*x. What is the units digit of d?
9
What is the hundreds digit of -2 - ((-1)/4 - (-38868)/(-48))?
8
Let o(n) = 11*n + 11. What is the units digit of o(6)?
7
Let b be 32/16*83/2. What is the units digit of b + (-4)/((-12)/(-9))?
0
Let a be (-5)/5 + -1 + 4. Suppose 0 - 126 = -a*u. Let p = -37 + u. What is the tens digit of p?
2
Let o = 168 + -10. Let c = -520 + 410. Let m = o + c. What is the units digit of m?
8
Suppose 0 = -4*h - 1040 + 4448. What is the units digit of h?
2
Suppose -4*a + 138 = -254. What is the tens digit of a?
9
Let i(x) = -5*x**2 - 13*x - 8. Suppose -h - h - 2 = 0. Let a(q) = q**2 + 1. Let s(d) = h*i(d) - 6*a(d). What is the units digit of s(13)?
2
Let l = 4 - 1. Let g be (-3)/((-153)/75 + 2). Suppose 8*c - g = l*c. What is the units digit of c?
5
Let o = 7050 - 4991. What is the units digit of o?
9
What is the tens digit of (6288/9 - 9/27)*3?
9
Suppose 6*k - 3*k - 2*v - 145 = 0, 165 = 3*k + 3*v. Suppose k = h - 29. Suppose -8*g - h = -13*g. What is the units digit of g?
6
Suppose 2*q + 93 = -93. Let f be -1 - q - (-9 + 5). Let y = f + -48. What is the tens digit of y?
4
Let b = -55 + -34. Let s = b + 210. Suppose -27 + s = 2*w. What is the tens digit of w?
4
Let u(r) = -r**3 - 10*r**2 - 10*r - 4. Let a be u(-9). Let t = a + 58. Suppose 2*b - f - 2*f = t, 5*b + 4*f - 215 = 0. What is the units digit of b?
9
Let y = 3 - 1. What is the tens digit of 256/4 - 2/y?
6
Let v(h) = -14*h + 6. Suppose 4*z + z = -40. Let m be v(z). Suppose 5*j - m = -8. What is the units digit of j?
2
Let v(n) = -14*n + 187. What is the hundreds digit of v(-13)?
3
What is the units digit of 6530/18 - 17/((-1224)/16)?
3
Let r = 7 - 4. Let a be (r/2)/(3/4). Suppose 4*b - 10 = -j, -j - a*b + 26 = j. What is the tens digit of j?
1
Suppose -3*h = -15, 0*n - 3*n + 4*h - 8 = 0. Suppose 9*f - n = 428. What is the units digit of f?
8
Suppose 0 = -109*r + 103*r + 558. What is the units digit of r?
3
What is the units digit of 4/(-30) + 63012/90?
0
Suppose 0 = 7*w + 229 - 19. Let q = w - -51. What is the tens digit of q?
2
Let w = 17 - 27. Let y be 51/15 - (-4)/w. Suppose 4*r - 65 = y*b - 2*b, 5*r - 4*b - 95 = 0. What is the units digit of r?
5
Suppose -46*d + 14*d + 63712 = 0. What is the thousands digit of d?
1
Suppose 172*r - 160*r = 22236. What is the hundreds digit of r?
8
Let o(y) = 18*y**3 + 7*y**2 - 15*y + 13. What is the tens digit of o(4)?
1
Let l(x) be the third derivative of x**4/4 + 7*x**3/6 - 11*x**2. What is the units digit of l(7)?
9
Let v(p) = 14*p - 11. Let a(b) = 9*b - 7. Let l(q) = -7*a(q) + 5*v(q). What is the tens digit of l(8)?
5
Let j(h) = 541*h**2 - h - 4. What is the hundreds digit of j(2)?
1
Let i = 14 + -21. Let y(w) = -w**2 - 7*w + 4. Let h be y(i). Suppose 0*q = -h*s + 4*q + 8, 5*q = -s - 4. What is the units digit of s?
1
Let v(o) = -20*o. Suppose 0 = -3*t + 4*d - 7, 4 = 5*t - 3*d + 1. Suppose -t*n + 2*g - 12 = n, -9 = -3*n - 3*g. What is the units digit of v(n)?
0
Let t(f) = f**3 + 23*f**2 + 9*f + 10. What is the tens digit of t(-15)?
7
Let y(l) = l**2 + l + 1. Let n be y(-1). Let a(b) = -182*b**2 + 2*b - 1. Let o be a(n). What is the units digit of (-5)/25 + o/(-5)?
6
Let v be (-2 + 1 + -3)*(-57)/6. Let f = v - 25. What is the tens digit of f?
1
Suppose 4*j + j + 45 = -b, -5*b - 340 = 2*j. Let m = 89 + b. What is the units digit of m?
9
Let u = 3 - -6. Let g be 2/6 - (-24)/u. Suppose -4 = o + 2*t, g*o + 4 = -0*t - 4*t. What is the units digit of o?
4
Let f(q) = -2*q**3 - 2*q**2 + 5*q + 5. Let p be f(-3). What is the units digit of (-1023)/(-143) - 4/p?
7
Suppose 0 = -3*h + 12, 21 = -2*d + d + 5*h. Suppose 3*n + 33 - 6 = 0. Let f = d - n. What is the units digit of f?
8
Suppose -5*t + 6*t = 4. Suppose -t*o + 157 = -i, 4*o - 86 = 2*o + 2*i. What is the units digit of o?
8
Let a be 55*((-14)/(-5) + (-4 - -2)). Suppose -a = 4*f - 180. What is the units digit of f?
4
Suppose 2*x = -5*j - 3*x + 4350, -4*j - 2*x = -3482. What is the hundreds digit of j?
8
What is the hundreds digit of 245*(-35)/10*-2?
7
Let a(f) be the third derivative of -f**6/120 - f**4/12 + 59*f**3/6 - 17*f**2. Suppose 4*q - 3*z + 6 = 0, -3*q + q = 4*z - 8. What is the units digit of a(q)?
9
Let o(r) = 139*r - 52. What is the units digit of o(8)?
0
Let c(i) = 5*i - 8. Let b be c(6). Let f be (1 + 7)*(-2)/(-4). Suppose -98 = -f*z + b. What is the tens digit of z?
3
Suppose -66*v + 1974 = -59*v. What is the hundreds digit of v?
2
Let j(d) = -d**2 + 5*d. Let k be j(7). Let r(o) = -2*o. What is the units digit of r(k)?
8
Let q(b) = -3*b**3 - 40*b**2 - 33*b + 52. What is the tens digit of q(-15)?
7
Suppose -16 = -6*o + 8. Suppose 5*p = 3*a - 382, 0*a + o*a - 496 = 4*p. What is the hundreds digit of a?
1
Let n(z) = 30*z**3 + z**2 - 1. Let b be n(1). What is the units digit of (b/60)/((-6)/8 - -1)?
2
Suppose -i - i = -136. Let l(x) = 4*x**2 - 22*x - 20. Let n be l(6). What is the tens digit of 4*i/n*-1?
3
Let v(l) = -208*l - 17. What is the units digit of v(-4)?
5
Let y(u) = -u**2 + 8*u - 4. Let p be y(7). Let s(z) = -z**3 - 13*z**2 + 11*z - 19. Let a be s(-14). Suppose g - a = -p. What is the units digit of g?
0
Let p(r) = -r**3 + 11*r**2 + 5*r + 11. Let s be p(11). Let h = 314 - s. What is the hundreds digit of h?
2
Let i(c) = -78*c + 3. Let u be i(-2). Suppose 0*l = -3*l + u. What is the tens digit of l?
5
Suppose -15*x = -13652 - 25378. What is the tens digit of x?
0
Suppose -5*g = -4*p + 8, 5*p - 10 = -0*p + 3*g. Let c(y) = 13*y + 4*y**2 - 8*y + 5 + y**3 - p*y**3 + 0*y**3. What is the units digit of c(5)?
5
Let j = -3 - 11. Let a be ((-76)/j)/(5/35). Suppose 3*s - 146 = -a. What is the units digit of s?
6
Let k(a) = -3*a**3 + a + 1. Let d be k(-1). Suppose -4*p + 2 = -d*p. Suppose s - 10 = -2*h, 3*h = p*h + 4*s - 4. What is the units digit of h?
4
Suppose -31*s + 58324 = 17683. What is the hundreds digit of s?
3
Suppose 3 = -m - 1. Let w be (-36)/(-21)*42/m. What is the tens digit of -1 + 4 - (-1 + w)?
2
Let c(d) = -d**3 - 3*d**2 - 3*d - 2. Suppose -5*i - 22 = -7*i. Let p = i - 14. What is the units digit of c(p)?
7
Let m(g) = g**2 - 13*g - 16. Let n be m(11). Let w = n + 65. What is the units digit of w?
7
Let m(s) = -312*s - 382. What is 